{"id":1055,"date":"2021-03-31T16:06:08","date_gmt":"2021-03-31T09:06:08","guid":{"rendered":"https:\/\/www.hack4growth.org\/?page_id=1055"},"modified":"2021-03-31T16:06:08","modified_gmt":"2021-03-31T09:06:08","slug":"gioi-thieu","status":"publish","type":"page","link":"https:\/\/www.hack4growth.org\/2021\/vi\/gioi-thieu\/","title":{"rendered":"Gi\u1edbi thi\u1ec7u"},"content":{"rendered":"\n<div class=\"wp-block-columns\">\n<div class=\"wp-block-column wp-block-column-nosplit\" style=\"flex-basis:66%\">\n<h2 class=\"h-underline mb-5\">Gi\u1edbi thi\u1ec7u cu\u1ed9c thi<br>Hack4Growth<\/h2>\n\n\n\n<p class=\"lead\" style=\"font-size:24px\"><strong>GI\u1edaI THI\u1ec6U V\u1ec0 HACK4GROWTH<\/strong><\/p>\n\n\n\n<p class=\"pr-lg-7\">Hack4Growth l\u00e0 cu\u1ed9c thi \u0111\u1ed5i m\u1edbi s\u00e1ng t\u1ea1o to\u00e0n c\u1ea7u do T\u1ed5 ch\u1ee9c Khoa h\u1ecdc v\u00e0 Chuy\u00ean gia Vi\u1ec7t Nam To\u00e0n c\u1ea7u (AVSE Global) th\u1ef1c hi\u1ec7n d\u01b0\u1edbi s\u1ef1 b\u1ea3o tr\u1ee3 c\u1ee7a \u1ee6y ban Nh\u00e0 n\u01b0\u1edbc v\u1ec1 ng\u01b0\u1eddi Vi\u1ec7t Nam \u1edf n\u01b0\u1edbc ngo\u00e0i, B\u1ed9 Ngo\u1ea1i giao. Hack4Growth l\u00e0 cu\u1ed9c thi nh\u1eb1m th\u00fac \u0111\u1ea9y h\u1ec7 sinh th\u00e1i kh\u1edfi nghi\u1ec7p t\u1ea1i Vi\u1ec7t Nam, th\u00fac \u0111\u1ea9y s\u1ef1 ph\u00e1t tri\u1ec3n b\u1ec1n v\u1eefng c\u1ee7a qu\u1ed1c gia th\u00f4ng qua vi\u1ec7c ph\u00e1t tri\u1ec3n c\u00e1c gi\u1ea3i ph\u00e1p th\u1ef1c t\u1ebf v\u00e0 h\u01b0\u1edbng t\u1edbi c\u1ed9ng \u0111\u1ed3ng.<\/p>\n\n\n\n<p class=\"pr-lg-7\">Tr\u01b0\u1edbc b\u1ed1i c\u1ea3nh Covid-19 \u0111\u00e3 \u1ea3nh h\u01b0\u1edfng t\u1edbi nhi\u1ec1u l\u0129nh v\u1ef1c c\u1ee7a n\u1ec1n kinh t\u1ebf nh\u1ea5t l\u00e0 th\u01b0\u01a1ng m\u1ea1i to\u00e0n c\u1ea7u v\u00e0 lan t\u1edbi t\u1eebng doanh nghi\u1ec7p, t\u1ec9nh th\u00e0nh v\u00e0 qu\u1ed1c gia, ch\u00fang t\u00f4i ph\u00e1t \u0111\u1ed9ng cu\u1ed9c thi n\u00e0y nh\u1eb1m t\u00ecm ki\u1ebfm c\u00e1c c\u00e1 nh\u00e2n v\u00e0 d\u1ef1 \u00e1n xu\u1ea5t s\u1eafc, c\u00f3 t\u00ednh kh\u1ea3 thi nh\u1eb1m gi\u1ea3i quy\u1ebft c\u00e1c v\u1ea5n \u0111\u1ec1 c\u1ee5 th\u1ec3 v\u00e0 c\u1ea5p thi\u1ebft t\u1ea1i \u0111\u1ecba ph\u01b0\u01a1ng, t\u1eeb \u0111\u00f3 h\u1ed7 tr\u1ee3 v\u00e0 t\u0103ng t\u1ed1c c\u00e1c d\u1ef1 \u00e1n n\u00e0y \u1edf \u0111\u1eb3ng c\u1ea5p qu\u1ed1c t\u1ebf.<\/p>\n<\/div>\n\n\n\n<div class=\"wp-block-column align-self-end wp-block-column-nosplit\">\n<figure class=\"wp-block-image size-large\"><img src=\"https:\/\/www.hack4growth.org\/wp-content\/uploads\/2021\/04\/IMG_0937-min-scaled.jpg\" alt=\"\" class=\"wp-image-1622\" \/><\/figure>\n<\/div>\n<\/div>\n\n\n\n<h2 class=\"has-text-align-center text-center mt-5 mt-sm-7\"><span class=\"h-underline\">Gi\u1edbi thi\u1ec7u <br>Hack4Growth m\u00f9a 1<\/span><\/h2>\n\n\n\n<p class=\"has-text-align-center px-lg-9 mb-5 text-justify\">M\u00f9a \u0111\u1ea7u ti\u00ean c\u1ee7a Hack4Growth \u0111\u00e3 ch\u00ednh th\u1ee9c kh\u00e9p l\u1ea1i v\u1edbi L\u1ec5 trao gi\u1ea3i, T\u1ed5ng k\u1ebft cu\u1ed9c thi di\u1ec5n ra v\u00e0o ng\u00e0y 26\/12\/2020 t\u1ea1i H\u00e0 N\u1ed9i. Kh\u1edfi \u0111\u1ed9ng t\u1eeb th\u00e1ng 11\/2019 v\u00e0 k\u00e9o d\u00e0i \u0111\u1ebfn th\u00e1ng 10\/2020, Hack4Growth m\u00e0u \u0111\u1ea7u ti\u00ean \u0111\u00e3 thu h\u00fat g\u1ea7n 150 b\u00e0i d\u1ef1 thi c\u1ee7a ng\u01b0\u1eddi Vi\u1ec7t t\u1eeb h\u01a1n 15 qu\u1ed1c gia kh\u00e1c nhau (Ph\u00e1p, V\u01b0\u01a1ng qu\u1ed1c Anh, Ph\u1ea7n Lan, Th\u1ee5y S\u0129, Nh\u1eadt B\u1ea3n, Trung Qu\u1ed1c, Hoa K\u1ef3, Vi\u1ec7t Nam,\u2026) tr\u00ean nhi\u1ec1u l\u0129nh v\u1ef1c nh\u01b0 m\u00f4i tr\u01b0\u1eddng, n\u00f4ng nghi\u1ec7p, gi\u00e1o d\u1ee5c, c\u00f4ng ngh\u1ec7, kinh t\u1ebf,\u2026 Hack4Growth m\u00f9a 1 c\u0169ng \u0111\u00e3 huy \u0111\u1ed9ng \u0111\u01b0\u1ee3c h\u01a1n 30 mentors v\u00e0 advisors \u0111\u1ebfn t\u1eeb h\u01a1n 15 qu\u1ed1c gia, cung c\u1ea5p h\u01a1n 1,000 gi\u1edd \u0111\u00e0o t\u1ea1o v\u00e0 hu\u1ea5n luy\u1ec7n cho c\u00e1c \u0111\u1ed9i thi.<\/p>\n\n\n\n<figure class=\"wp-block-gallery columns-3 is-cropped\"><ul class=\"blocks-gallery-grid\"><li class=\"blocks-gallery-item\"><figure><img src=\"https:\/\/www.hack4growth.org\/wp-content\/uploads\/2021\/04\/IMG_0903-min-1200x454.jpg\" alt=\"\" data-id=\"1625\" data-full-url=\"https:\/\/www.hack4growth.org\/wp-content\/uploads\/2021\/04\/IMG_0903-min-scaled.jpg\" data-link=\"https:\/\/www.hack4growth.org\/about-us\/img_0903-min\/\" class=\"wp-image-1625\" \/><\/figure><\/li><li class=\"blocks-gallery-item\"><figure><img src=\"https:\/\/www.hack4growth.org\/wp-content\/uploads\/2021\/04\/IMG_0966-min-scaled.jpg\" alt=\"\" data-id=\"1623\" data-full-url=\"https:\/\/www.hack4growth.org\/wp-content\/uploads\/2021\/04\/IMG_0966-min-scaled.jpg\" data-link=\"https:\/\/www.hack4growth.org\/about-us\/img_0966-min\/\" class=\"wp-image-1623\" \/><\/figure><\/li><li class=\"blocks-gallery-item\"><figure><img src=\"https:\/\/www.hack4growth.org\/wp-content\/uploads\/2021\/04\/IMG_0891-min-1200x538.jpg\" alt=\"\" data-id=\"1626\" data-full-url=\"https:\/\/www.hack4growth.org\/wp-content\/uploads\/2021\/04\/IMG_0891-min-scaled.jpg\" data-link=\"https:\/\/www.hack4growth.org\/about-us\/img_0891-min\/\" class=\"wp-image-1626\" \/><\/figure><\/li><\/ul><\/figure>\n\n\n\n<h2 class=\"has-text-align-center mb-5 text-center mt-5 mt-sm-7\"><span class=\"h-underline\">BAN T\u1ed4 CH\u1ee8C<\/span><\/h2>\n\n\n\n<div class=\"wp-block-columns align-items-center px-xl-9\">\n<div class=\"wp-block-column order-lg-2 pl-lg-5\">\n<div class=\"wp-block-media-text alignwide mb-4\" style=\"grid-template-columns:18% auto\"><figure class=\"wp-block-media-text__media\"><img src=\"https:\/\/www.hack4growth.org\/wp-content\/uploads\/2021\/04\/logo-avse-1.png\" alt=\"\" class=\"wp-image-1741 size-full\" \/><\/figure><div class=\"wp-block-media-text__content\">\n<p class=\"mb-0\" style=\"font-size:24px\">01.<br><strong>AVSE Global<\/strong><\/p>\n<\/div><\/div>\n\n\n\n<p class=\"text-justify\">AVSE Global l\u00e0 T\u1ed5 ch\u1ee9c Khoa h\u1ecdc v\u00e0 Chuy\u00ean gia Vi\u1ec7t Nam To\u00e0n c\u1ea7u, c\u00f3 tr\u1ee5 s\u1edf t\u1ea1i Paris, ti\u00ean phong trong t\u01b0 v\u1ea5n chi\u1ebfn l\u01b0\u1ee3c, \u0111\u00e0o t\u1ea1o qu\u1ea3n l\u00fd c\u1ea5p cao v\u00e0 t\u1ed5 ch\u1ee9c di\u1ec5n \u0111\u00e0n chuy\u00ean m\u00f4n mang l\u1ea1i hi\u1ec7u qu\u1ea3 s\u00e1ng t\u1ea1o \u0111\u1ed9t ph\u00e1 v\u1ec1 ph\u00e1t tri\u1ec3n b\u1ec1n v\u1eefng cho Vi\u1ec7t Nam, th\u00f4ng qua k\u1ebft n\u1ed1i s\u1ee9c m\u1ea1nh tr\u00ed tu\u1ec7 t\u1eadp th\u1ec3 c\u1ee7a chuy\u00ean gia, tr\u00ed th\u1ee9c ng\u01b0\u1eddi Vi\u1ec7t to\u00e0n c\u1ea7u xu\u1ea5t s\u1eafc v\u1ec1 chuy\u00ean m\u00f4n v\u00e0 gi\u00e0u kh\u00e1t v\u1ecdng \u0111\u00f3ng g\u00f3p cho \u0111\u1ea5t n\u01b0\u1edbc.\u200b<\/p>\n\n\n\n<p class=\"text-justify\">AVSE Global c\u00f3 m\u1eb7t tr\u00ean 20 qu\u1ed1c gia, h\u01a1n 300 th\u00e0nh vi\u00ean tr\u00ean c\u00e1c d\u1ef1 \u00e1n chi\u1ebfn l\u01b0\u1ee3c, h\u01a1n 2,000 chuy\u00ean gia quan t\u00e2m v\u00e0 tham gia t\u00edch c\u1ef1c c\u00e1c ho\u1ea1t \u0111\u1ed9ng v\u00e0 h\u01a1n 10,000 c\u00e1c chuy\u00ean gia trong m\u1ea1ng l\u01b0\u1edbi to\u00e0n c\u1ea7u.<\/p>\n<\/div>\n\n\n\n<div class=\"wp-block-column order-lg-1 ml-lg-0\">\n<figure class=\"wp-block-image size-large\"><img src=\"https:\/\/www.hack4growth.org\/wp-content\/uploads\/2021\/04\/01-AVSEGlobal01.jpg\" alt=\"\" class=\"wp-image-1627\" \/><\/figure>\n<\/div>\n<\/div>\n\n\n\n<div class=\"wp-block-columns align-items-center px-xl-9\">\n<div class=\"wp-block-column pr-lg-5\">\n<div class=\"wp-block-media-text alignwide mb-4\" style=\"grid-template-columns:18% auto\"><figure class=\"wp-block-media-text__media\"><img src=\"https:\/\/www.hack4growth.org\/wp-content\/uploads\/2021\/04\/Logo-Trans-nen-toi-1200x495.png\" alt=\"\" class=\"wp-image-1629 size-full\" \/><\/figure><div class=\"wp-block-media-text__content\">\n<p class=\"mb-0\" style=\"font-size:24px\">02.<br><strong>AVSE <strong>Corp<\/strong><\/strong><\/p>\n<\/div><\/div>\n\n\n\n<p class=\"text-justify\"><strong>T\u1ea6M NH\u00ccN<\/strong>\u200b<br>\u0110\u1ea1i di\u1ec7n th\u1ef1c hi\u1ec7n t\u1ea7m nh\u00ecn nh\u1eb1m tri\u1ec3n khai v\u00e0 m\u1edf r\u1ed9ng c\u00e1c ho\u1ea1t \u0111\u1ed9ng c\u1ee7a AVSE Global t\u1ea1i Vi\u1ec7t Nam, t\u1eeb \u0111\u00f3 mang l\u1ea1i hi\u1ec7u qu\u1ea3 s\u00e1ng t\u1ea1o \u0111\u1ed9t ph\u00e1 v\u1ec1 ph\u00e1t tri\u1ec3n b\u1ec1n v\u1eefng cho Vi\u1ec7t Nam.\u200b<\/p>\n\n\n\n<p class=\"text-justify\"><strong>S\u1ee8 M\u1ec6NH<\/strong>\u200b<br>T\u1eadp h\u1ee3p v\u00e0 s\u1eed d\u1ee5ng ngu\u1ed3n l\u1ef1c trong v\u00e0 ngo\u00e0i t\u1ed5 ch\u1ee9c t\u1ed1i \u01b0u nh\u1eb1m t\u0103ng c\u01b0\u1eddng v\u1ecb th\u1ebf c\u1ee7a AVSE Global t\u1ea1i Vi\u1ec7t Nam v\u00e0 t\u00e1i \u0111\u1ea7u t\u01b0 l\u1ee3i nhu\u1eadn cho s\u1ef1 ph\u00e1t tri\u1ec3n l\u00e2u d\u00e0i v\u00e0 b\u1ec1n v\u1eefng c\u1ee7a DNXH v\u00e0 AVSE Global.<\/p>\n\n\n\n<p class=\"text-justify\"><strong>\u0110\u1ecaNH V\u1eca<\/strong>\u200b<br>\u0110\u01a1n v\u1ecb \u0111i \u0111\u1ea7u v\u1ec1 chuy\u00ean m\u00f4n trong l\u0129nh v\u1ef1c \u0110MST v\u00e0 ph\u00e1t tri\u1ec3n b\u1ec1n v\u1eefng, th\u00f4ng qua vi\u1ec7c k\u1ebft n\u1ed1i v\u00e0 huy \u0111\u1ed9ng m\u1ea1ng l\u01b0\u1edbi tr\u00ed th\u1ee9c xu\u1ea5t s\u1eafc v\u00e0 \u0111\u00f4ng \u0111\u1ea3o trong v\u00e0 ngo\u00e0i n\u01b0\u1edbc, gi\u00e0u kh\u00e1t v\u1ecdng \u0111\u00f3ng g\u00f3p cho \u0111\u1ea5t n\u01b0\u1edbc. \u200b<\/p>\n<\/div>\n\n\n\n<div class=\"wp-block-column ml-lg-0\">\n<figure class=\"wp-block-image size-large is-resized\"><img loading=\"lazy\" src=\"https:\/\/www.hack4growth.org\/wp-content\/uploads\/2021\/04\/scaled_DSF10061-1-1.jpg\" alt=\"\" class=\"wp-image-1633\" width=\"494\" height=\"259\" \/><\/figure>\n\n\n\n<p><\/p>\n<\/div>\n<\/div>\n\n\n\n<p class=\"has-text-align-center mb-4 mt-3 mt-md-5\" style=\"font-size:24px\">03. <strong>\u1ee6Y BAN NH\u00c0 N\u01af\u1edaC V\u1ec0 NG\u01af\u1edcI VI\u1ec6T NAM<br> \u1ede N\u01af\u1edaC NGO\u00c0I &#8211; B\u1ed8 NGO\u1ea0I GIAO<\/strong><\/p>\n\n\n\n<div class=\"wp-block-columns\">\n<div class=\"wp-block-column\" style=\"flex-basis:25%\"><\/div>\n\n\n\n<div class=\"wp-block-column\" style=\"flex-basis:80%\">\n<p class=\"has-text-align-center\">\u1ee6y Ban Nh\u00e0 n\u01b0\u1edbc v\u1ec1 ng\u01b0\u1eddi Vi\u1ec7t Nam \u1edf n\u01b0\u1edbc ngo\u00e0i l\u00e0 c\u01a1 quan c\u1ea5p t\u1ed5ng c\u1ee5c tr\u1ef1c thu\u1ed9c B\u1ed9 Ngo\u1ea1i giao, gi\u00fap B\u1ed9 tr\u01b0\u1edfng B\u1ed9 Ngo\u1ea1i giao th\u1ef1c hi\u1ec7n ch\u1ee9c n\u0103ng qu\u1ea3n l\u00fd nh\u00e0 n\u01b0\u1edbc v\u1ec1 c\u00f4ng t\u00e1c \u0111\u1ed1i v\u1edbi ng\u01b0\u1eddi Vi\u1ec7t Nam \u1edf n\u01b0\u1edbc ngo\u00e0i.  <\/p>\n<\/div>\n\n\n\n<div class=\"wp-block-column\" style=\"flex-basis:25%\"><\/div>\n<\/div>\n\n\n\n<p><\/p>\n","protected":false},"excerpt":{"rendered":"Gi\u1edbi thi\u1ec7u cu\u1ed9c thiHack4Growth GI\u1edaI THI\u1ec6U V\u1ec0 HACK4GROWTH Hack4Growth l\u00e0 cu\u1ed9c thi \u0111\u1ed5i m\u1edbi s\u00e1ng t\u1ea1o to\u00e0n c\u1ea7u do T\u1ed5 [&hellip;]","protected":false},"author":1,"featured_media":0,"parent":0,"menu_order":2,"comment_status":"closed","ping_status":"closed","template":"","meta":[],"_links":{"self":[{"href":"https:\/\/www.hack4growth.org\/2021\/wp-json\/wp\/v2\/pages\/1055"}],"collection":[{"href":"https:\/\/www.hack4growth.org\/2021\/wp-json\/wp\/v2\/pages"}],"about":[{"href":"https:\/\/www.hack4growth.org\/2021\/wp-json\/wp\/v2\/types\/page"}],"author":[{"embeddable":true,"href":"https:\/\/www.hack4growth.org\/2021\/wp-json\/wp\/v2\/users\/1"}],"replies":[{"embeddable":true,"href":"https:\/\/www.hack4growth.org\/2021\/wp-json\/wp\/v2\/comments?post=1055"}],"version-history":[{"count":0,"href":"https:\/\/www.hack4growth.org\/2021\/wp-json\/wp\/v2\/pages\/1055\/revisions"}],"wp:attachment":[{"href":"https:\/\/www.hack4growth.org\/2021\/wp-json\/wp\/v2\/media?parent=1055"}],"curies":[{"name":"wp","href":"https:\/\/api.w.org\/{rel}","templated":true}]}}