{"id":334,"date":"2020-05-19T10:08:13","date_gmt":"2020-05-19T10:08:13","guid":{"rendered":"https:\/\/www.hack4growth.org\/?page_id=334"},"modified":"2020-05-19T10:08:13","modified_gmt":"2020-05-19T10:08:13","slug":"thu-thach","status":"publish","type":"page","link":"https:\/\/www.hack4growth.org\/2020\/vi\/thu-thach\/","title":{"rendered":"Th\u1eed th\u00e1ch"},"content":{"rendered":"\n<h2 class=\"h-underline mb-7\">Th\u1eed th\u00e1ch<\/h2>\n\n\n<div class=\"wp-block-columns\">\n<div class=\"wp-block-column\">\n<figure class=\"wp-block-image size-large mb-4\"><img loading=\"lazy\" width=\"720\" height=\"442\" src=\"https:\/\/www.hack4growth.org\/wp-content\/uploads\/2020\/05\/challenge-01.jpg\" alt=\"\" class=\"wp-image-327\" srcset=\"https:\/\/www.hack4growth.org\/2020\/wp-content\/uploads\/sites\/2\/2020\/05\/challenge-01.jpg 720w, https:\/\/www.hack4growth.org\/2020\/wp-content\/uploads\/sites\/2\/2020\/05\/challenge-01-300x184.jpg 300w\" sizes=\"(max-width: 720px) 100vw, 720px\" \/><\/figure>\n\n\n<h3 class=\"mb-3\">Suy tho\u00e1i to\u00e0n c\u1ea7u<\/h3>\n\n\n<p class=\"font-weight-light\">\/V\u1edbi t\u1ed1c \u0111\u1ed9 t\u0103ng tr\u01b0\u1edfng d\u01b0\u1edbi 2%, gi\u00e1 tr\u1ecb kinh t\u1ebf to\u00e0n c\u1ea7u s\u1ebd suy gi\u1ea3m h\u01a1n\u200b 1,000 t\u1ef7 USD. (UNCTAD, WEF)<\/p>\n<\/div>\n\n\n<div class=\"wp-block-column\">\n<figure class=\"wp-block-image size-large mb-4\"><img loading=\"lazy\" width=\"720\" height=\"442\" src=\"https:\/\/www.hack4growth.org\/wp-content\/uploads\/2020\/05\/challenge-02.jpg\" alt=\"\" class=\"wp-image-328\" srcset=\"https:\/\/www.hack4growth.org\/2020\/wp-content\/uploads\/sites\/2\/2020\/05\/challenge-02.jpg 720w, https:\/\/www.hack4growth.org\/2020\/wp-content\/uploads\/sites\/2\/2020\/05\/challenge-02-300x184.jpg 300w\" sizes=\"(max-width: 720px) 100vw, 720px\" \/><\/figure>\n\n\n<h3 class=\"mb-3\">Kinh t\u1ebf tr\u00ec tr\u1ec7<\/h3>\n\n\n<p class=\"font-weight-light\">\/C\u00e1c \u0111\u1ea7u t\u00e0u kinh t\u1ebf nh\u01b0 Trung Qu\u1ed1c v\u00e0 Hoa K\u1ef3 d\u1ef1 b\u00e1o t\u0103ng tr\u01b0\u1edfng kinh t\u1ebf gi\u1ea3m 50% ho\u1eb7c g\u1ea7n nh\u01b0 0% trong n\u0103m 2020. \u200b<\/p>\n<\/div>\n\n\n<div class=\"wp-block-column\">\n<figure class=\"wp-block-image size-large mb-4\"><img loading=\"lazy\" width=\"720\" height=\"442\" src=\"https:\/\/www.hack4growth.org\/wp-content\/uploads\/2020\/05\/challenge-03.jpg\" alt=\"\" class=\"wp-image-329\" srcset=\"https:\/\/www.hack4growth.org\/2020\/wp-content\/uploads\/sites\/2\/2020\/05\/challenge-03.jpg 720w, https:\/\/www.hack4growth.org\/2020\/wp-content\/uploads\/sites\/2\/2020\/05\/challenge-03-300x184.jpg 300w\" sizes=\"(max-width: 720px) 100vw, 720px\" \/><\/figure>\n\n\n<h3 class=\"mb-3\">Kh\u1ee7ng ho\u1ea3ng m\u00f4i tr\u01b0\u1eddng<\/h3>\n\n\n<p class=\"font-weight-light\">\u200bR\u1eebng Amazon d\u1ef1 b\u00e1o s\u1ebd bi\u1ebfn m\u1ea5t trong 50 n\u0103m t\u1edbi, g\u00e2y ra kh\u1ee7ng ho\u1ea3ng hi\u1ec7u \u1ee9ng nh\u00e0 k\u00ednh l\u1edbn nh\u1ea5t trong l\u1ecbch s\u1eed (U\u1ef7 ban b\u1ea3o v\u1ec7 T\u00e0i nguy\u00ean thi\u00ean nhi\u00ean Hoa K\u1ef3 NRDC)<\/p>\n<\/div>\n<\/div>\n\n\n<div style=\"height:56px\" aria-hidden=\"true\" class=\"wp-block-spacer\"><\/div>\n\n\n<div class=\"wp-block-group bg-white-05 p-4 p-lg-5 mx-lg-5 mx-xl-9\"><div class=\"wp-block-group__inner-container\">\n<p class=\"mb-md-5\">Trong b\u1ed1i c\u1ea3nh d\u1ecbch b\u1ec7nh COVID-19 \u1ea3nh h\u01b0\u1edfng t\u1edbi t\u1ea5t c\u1ea3 c\u00e1c l\u0129nh v\u1ef1c kinh t\u1ebf, nh\u1eb1m t\u1ea1o c\u1ea3m h\u1ee9ng PH\u1ee4C H\u1ed2I v\u00e0 TH\u00daC \u0110\u1ea8Y n\u1ec1n kinh t\u1ebf, \u0111\u00e1p \u1ee9ng l\u1eddi hi\u1ec7u tri\u1ec7u c\u1ee7a \u0111\u1ea5t n\u01b0\u1edbc nh\u1eb1m t\u00ecm ra gi\u1ea3i ph\u00e1p kh\u1eafc ph\u1ee5c \u1ea3nh h\u01b0\u1edfng c\u1ee7a d\u1ecbch b\u1ec7nh, AVSE Global h\u1ee3p t\u00e1c v\u1edbi c\u00e1c \u0111\u01a1n v\u1ecb d\u1eabn \u0111\u1ea7u h\u1ec7 sinh th\u00e1i \u0111\u1ed5i m\u1edbi s\u00e1ng t\u1ea1o \u0111\u1ec3 t\u1ed5 ch\u1ee9c m\u1ed9t INNOVATION FAST TRACK ri\u00eang, k\u00eau g\u1ecdi c\u00e1c gi\u1ea3i ph\u00e1p \u0111\u1ed9t ph\u00e1 \u0111\u1ec3 PH\u00c1T TRI\u1ec2N v\u00e0 ki\u1ebfn t\u1ea1o m\u1ed9t th\u1ebf h\u1ec7 m\u1edbi nh\u1eefng nh\u00e0 innovators d\u00e1m ngh\u0129, d\u00e1m l\u00e0m v\u00e0 v\u01b0\u1ee3t qua th\u00e1ch th\u1ee9c.<\/p>\n\n\n<div class=\"wp-block-columns\">\n<div class=\"wp-block-column\">\n<p>Ch\u00fang t\u00f4i ch\u00e0o \u0111\u00f3n t\u1ea5t c\u1ea3 c\u00e1c \u00fd t\u01b0\u1edfng v\u00e0 s\u1ea3n ph\u1ea9m \u0111\u1ed5i m\u1edbi s\u00e1ng t\u1ea1o trong c\u00e1c l\u0129nh v\u1ef1c \u0111a d\u1ea1ng c\u1ee7a n\u1ec1n kinh t\u1ebf, \u0111\u01a1n c\u1eed nh\u01b0:<\/p>\n\n\n<ul><li>T\u00ecnh h\u00ecnh x\u00e2m nh\u1eadp m\u1eb7n t\u1ea1i \u0111\u1ed3ng b\u1eb1ng s\u00f4ng C\u1eedu Long<\/li><li>Gi\u1ea3m thi\u1ec3u hi\u1ec7u \u1ee9ng nh\u00e0 k\u00ednh v\u00e0 bi\u1ebfn \u0111\u1ed5i kh\u00ed h\u1eadu<\/li><li>Gi\u1ea3i quy\u1ebft kh\u1ee7ng ho\u1ea3ng chu\u1ed7i cung \u1ee9ng<\/li><li>Ph\u1ee5c h\u1ed3i ng\u00e0nh du l\u1ecbch<\/li><li>C\u00e1c l\u0129nh v\u1ef1c kh\u00e1c<\/li><\/ul>\n<\/div>\n\n\n<div class=\"wp-block-column\">\n<figure class=\"wp-block-image size-large mr-md-n7 mr-lg-n9\"><img loading=\"lazy\" width=\"1200\" height=\"600\" src=\"https:\/\/www.hack4growth.org\/wp-content\/uploads\/2020\/05\/challenge-04.jpg\" alt=\"\" class=\"wp-image-330\" srcset=\"https:\/\/www.hack4growth.org\/2020\/wp-content\/uploads\/sites\/2\/2020\/05\/challenge-04.jpg 1200w, https:\/\/www.hack4growth.org\/2020\/wp-content\/uploads\/sites\/2\/2020\/05\/challenge-04-300x150.jpg 300w, https:\/\/www.hack4growth.org\/2020\/wp-content\/uploads\/sites\/2\/2020\/05\/challenge-04-1024x512.jpg 1024w, https:\/\/www.hack4growth.org\/2020\/wp-content\/uploads\/sites\/2\/2020\/05\/challenge-04-768x384.jpg 768w\" sizes=\"(max-width: 1200px) 100vw, 1200px\" \/><\/figure>\n<\/div>\n<\/div>\n<\/div><\/div>\n","protected":false},"excerpt":{"rendered":"Th\u1eed th\u00e1ch Suy tho\u00e1i to\u00e0n c\u1ea7u \/V\u1edbi t\u1ed1c \u0111\u1ed9 t\u0103ng tr\u01b0\u1edfng d\u01b0\u1edbi 2%, gi\u00e1 tr\u1ecb kinh t\u1ebf to\u00e0n c\u1ea7u s\u1ebd [&hellip;]","protected":false},"author":1,"featured_media":0,"parent":0,"menu_order":22,"comment_status":"closed","ping_status":"closed","template":"","meta":[],"_links":{"self":[{"href":"https:\/\/www.hack4growth.org\/2020\/wp-json\/wp\/v2\/pages\/334"}],"collection":[{"href":"https:\/\/www.hack4growth.org\/2020\/wp-json\/wp\/v2\/pages"}],"about":[{"href":"https:\/\/www.hack4growth.org\/2020\/wp-json\/wp\/v2\/types\/page"}],"author":[{"embeddable":true,"href":"https:\/\/www.hack4growth.org\/2020\/wp-json\/wp\/v2\/users\/1"}],"replies":[{"embeddable":true,"href":"https:\/\/www.hack4growth.org\/2020\/wp-json\/wp\/v2\/comments?post=334"}],"version-history":[{"count":0,"href":"https:\/\/www.hack4growth.org\/2020\/wp-json\/wp\/v2\/pages\/334\/revisions"}],"wp:attachment":[{"href":"https:\/\/www.hack4growth.org\/2020\/wp-json\/wp\/v2\/media?parent=334"}],"curies":[{"name":"wp","href":"https:\/\/api.w.org\/{rel}","templated":true}]}}